ided by y(-7).
12
Let w(x) = x + 43. What is the remainder when 291 is divided by w(6)?
46
Calculate the remainder when 2481/21 + (-144)/126 is divided by 21.
12
Let w = -27 + 31. Suppose -2*q = -4, s - 3*s + 72 = -w*q. Calculate the remainder when s is divided by 21.
19
Let a = -33 - -3. Let l = a + 163. Calculate the remainder when l is divided by 27.
25
Let f(c) = 150*c + 13. Let z be f(-1). Let w = z - -150. What is the remainder when 38 is divided by w?
12
Suppose -92 = -h - 3*h. Let t = -31 - -119. Calculate the remainder when t is divided by h.
19
Suppose z - 300 = -3*z. Suppose 0 = -5*h - 0*h + z. Suppose -5*b + 55 = 15. What is the remainder when h is divided by b?
7
Let b be ((-36)/4)/(-3) - -2. Suppose 2*v + 1 + 7 = -i, 0 = v + b. Let a = i - -34. What is the remainder when a is divided by 13?
10
Let h = -561 + 574. What is the remainder when 207 is divided by h?
12
Let i = -324 - -330. What is the remainder when (-10)/(-70) + 160/7 is divided by i?
5
Let t = -1430 - -1516. Calculate the remainder when t is divided by 46.
40
Let j = -687 - -696. What is the remainder when (-3)/24*-6*20 is divided by j?
6
Suppose -35 = -3*g + 13. Let m = 813 - 768. Calculate the remainder when m is divided by g.
13
Let a(t) = -t**2 - 9*t. Let m be a(-5). Let j(f) = 3*f + 33. Let g be j(-15). Let x = m + g. What is the remainder when x is divided by 3?
2
Let j(r) = 6*r**2 - 142*r + 18. Calculate the remainder when 199 is divided by j(24).
1
Let t(v) = 3*v - 17. Calculate the remainder when 14 is divided by t(7).
2
Let p = -5 + 7. Suppose -i + 5*v - 62 = -3*i, -62 = -2*i + p*v. Let o(s) = 16*s**3 + 3*s**2 - s - 1. What is the remainder when i is divided by o(1)?
14
Suppose 2*o = -5*d - 0*d + 157, -5*d + 150 = -5*o. Calculate the remainder when 153 is divided by d.
29
Suppose -8*a = -20*a + 7296. What is the remainder when a is divided by 5?
3
Let f(q) = -q**2 + 47*q - 293. Calculate the remainder when 64 is divided by f(8).
7
What is the remainder when -107 + 112 + (-42)/(-2)*6 is divided by 15?
11
Let v(f) = 34*f**3 - 2*f**2 + 1. Let n be ((-14)/(-35))/((-2)/(-5)). Let l be v(n). Suppose q = l + 3. Calculate the remainder when 68 is divided by q.
32
Suppose 0 = 6*h - 12 + 18. Calculate the remainder when 1/((1/h)/(-41)) is divided by 14.
13
Let b be 1*(-3 + 4 + -26). Let z = b - -71. Calculate the remainder when z is divided by 16.
14
Let d = -44 + 80. Calculate the remainder when 34/221 - 5571/(-39) is divided by d.
35
Calculate the remainder when 122 is divided by (-14)/8*(-83 - -75).
10
Let t(u) = 32*u + 395. Calculate the remainder when 59 is divided by t(-12).
4
Let l(k) = 0*k**2 + 2*k + 0*k**2 + k**2. Let j(v) = 2*v**3 - 6*v**2 - 3*v - 12. Calculate the remainder when j(4) is divided by l(-3).
2
Let z be (-17)/(-68) + 19/4. Let w(q) = q**2 - 2*q - 2. Calculate the remainder when w(-5) is divided by ((-3)/6)/(-1)*120/z.
9
Suppose -2*y - 11 = 13. Let s = y + 22. Calculate the remainder when -4 + (-3)/(6/(-46)) is divided by s.
9
Let f(i) = 5*i + 3. Let n be 75/6*(3 - (-124)/(-20)). What is the remainder when f(5) is divided by ((-6)/(-36)*-3)/(2/n)?
8
Suppose 4*n = -u + 19, -5*u + 129 - 15 = n. Calculate the remainder when ((-1)/(-2))/((-2)/(-172)) is divided by u.
20
Let r(f) = -5*f**3 - f - 2. Let o be r(-1). Suppose -o*i + 366 = -i. What is the remainder when i is divided by 31?
29
Let g be (-5 - 21)*2/(-4). Suppose 0 = x - g + 1. Calculate the remainder when 31 is divided by x.
7
What is the remainder when 1368 is divided by (-34)/(-2) + -77 + 74?
10
Let y = -6 + 8. Suppose 0 = y*a - a - 6. What is the remainder when 1/(-5) + (-153)/(-15) is divided by a?
4
Let i be 0/(-2 + 6 + -7). Let p be (7 + 2 + i)/1. Let v(n) = 8*n - 18. Calculate the remainder when v(p) is divided by 14.
12
Let j(c) = c**2 + 4*c + 2. Let b be j(-4). Let r(a) = -b*a + 4 - 2 + 34*a**2 - 3 - 4*a**2. What is the remainder when r(-1) is divided by 17?
14
Let b(q) = 2*q**3 - 7*q**2 - 16*q + 12. What is the remainder when b(7) is divided by 62?
57
Suppose -a - 475 = -6*a. Let q = a + -37. What is the remainder when q is divided by 15?
13
Let c(u) = u**3 + 5*u**2 - 4*u - 4. Let q be c(-3). Suppose 5*s - 45 = 5*d, 3*s + 5*d = 33 + q. Calculate the remainder when 64 is divided by s.
12
Let x = 9 - 5. Suppose -5*j + x = -16. Suppose j*u = 8*u - 172. What is the remainder when u is divided by 15?
13
Suppose 7*g - 66 = -10. Calculate the remainder when 62 is divided by g.
6
Suppose 8*y - 3 = 149. What is the remainder when 71 is divided by y?
14
Let a = -41 + -18. Let c = a - -128. What is the remainder when c is divided by 36?
33
Let b = 39 - 38. Let f(q) = 49*q**3 + q - 2. Let r(k) = k + 25. Calculate the remainder when f(b) is divided by r(0).
23
Let z = -30 - -30. Suppose 4*l - 244 = -i, z*i = -3*l + 5*i + 160. Calculate the remainder when l is divided by 31.
29
Let v be (13/(-2))/((-9)/18). Suppose -v = 4*m + 3. Calculate the remainder when 24/(-30)*230/m is divided by 12.
10
Suppose -2*b - 24 = 4*i - 6*b, 3*b = 3. Let g be ((-6)/(-4))/(2/(-4)). Calculate the remainder when 117 is divided by 60/(-4)*(i - g).
27
Let q = 13 - 45. Let n = 36 + q. Suppose 5*g - 100 = -5*m, 5*g - 2*m = n*g + 5. What is the remainder when 59 is divided by g?
14
Let q(o) = -o**3 - 20*o**2 + 24*o - 15. Let t be q(-21). Let z = t + 144. What is the remainder when z is divided by 19?
9
Suppose -o + 74 = 11. Calculate the remainder when o is divided by 17.
12
Suppose -4*u - n + 338 + 20 = 0, u - 3*n - 96 = 0. Let y = -77 + u. What is the remainder when 23 is divided by y?
10
Suppose -u - 4*j + 8 = 3*u, -2*j = -5*u + 17. Let k(b) = 5 + u*b**3 + 6*b + 8*b**2 - b**3 + 1 - b**3. Calculate the remainder when k(-5) is divided by 13.
12
Let t = -481 - -504. Calculate the remainder when t is divided by 10.
3
Suppose 0 = 3*c - 2*g - 1234 - 589, g - 1838 = -3*c. Calculate the remainder when c is divided by 18.
17
Let y(c) = -c**3 + 5*c**2 + 19*c - 54. Calculate the remainder when 813 is divided by y(6).
21
Let p = 19 + -9. What is the remainder when 148 is divided by p?
8
Let p(k) = 18*k + 4. What is the remainder when p(1) is divided by (-36)/(-8 - -5)*(-4)/(-6)?
6
Suppose -437*i + 434*i + 875 = -n, -4*i = -5*n - 1174. Calculate the remainder when i is divided by 95.
6
Suppose -173 - 277 = -3*c. Let l be 4/(-14) - c/(-35). What is the remainder when l - (4 + -6 + -2) is divided by 5?
3
Let o(w) = w**3 + 17*w**2 - 21*w - 31. Calculate the remainder when 44 is divided by o(-18).
21
Let o = 7 + 3. Let u = o + -1. Suppose 0 = -h - 6*h + 35. What is the remainder when u is divided by h?
4
Suppose -s + 16 = -4*o, 74 = s + 2*s + o. Calculate the remainder when 383 is divided by s.
23
Let f = -243 - -336. Calculate the remainder when f is divided by 19.
17
Let c(y) = -5*y + 8. Let z(w) = -w - 1. Let l(i) = -c(i) - 5*z(i). What is the remainder when 32 is divided by l(2)?
15
Suppose -7*l - 25 = -8*l. Let z = l - 17. What is the remainder when 13 is divided by z?
5
Let m(t) = -t**3 - 8*t**2 + 20*t + 10. What is the remainder when 46 is divided by m(-10)?
6
Suppose -31*g + 34*g = 9. Suppose 2*z - 112 = g*c, 3*c - 50 = -3*z + 88. Calculate the remainder when z is divided by 13.
11
Let z = -16 - 3. Let p = 37 + z. Suppose 5*r - 170 = -0*r. Calculate the remainder when r is divided by p.
16
Let n be (12/(-9))/((-4)/30). Suppose -3*a - 2*r = -3*r - 45, -15 = -a + 4*r. Let i = a - n. Calculate the remainder when 7 is divided by i.
2
Let i(u) = -u**3 + 8*u**2 - 3*u - 5. Let l be i(7). Suppose 2*z + z = -9, l = 4*o + 3*z. Let x = o - 4. What is the remainder when 7 is divided by x?
3
Let w = 16 - 17. Let r = 81 - w. What is the remainder when r is divided by 22?
16
Let j = 32 + -23. Let a = 22 + j. Calculate the remainder when a is divided by 16.
15
Let i = 227 - 186. What is the remainder when 158 is divided by i?
35
Let q = -81 - -119. Calculate the remainder when q is divided by (2*(-63)/(-6))/(150/100).
10
Let y = 1204 + -1191. Let g = 23 - -5. Calculate the remainder when g is divided by y.
2
Let i(w) = 2*w**3 + w**2. Let j be i(1). Let t(h) = h**j + 2 + 2*h + 1 + h + 4*h**2 - 1. What is the remainder when 18 is divided by t(-2)?
2
Suppose 0 = 4*t - 6 - 22. Let k be 45/(-10)*(-140)/6. Suppose 0 = -5*z - 5*n + k, -3*n - 11